 7*q + 19. Give x(9).
1
Let z(g) = 18*g - 139. Calculate z(8).
5
Let n(p) = p**3 - p**2 + p. Give n(-3).
-39
Let o(y) = -2*y**2 + 3*y + 2. Determine o(-3).
-25
Let y(d) = -2*d**3 - 14*d**2 + d + 10. What is y(-7)?
3
Let n(f) = f**2 - 2*f - 15. Calculate n(-6).
33
Let n(q) = 3*q**3 - 4*q**2 - 5*q - 14. What is n(3)?
16
Let s(r) = 4*r**3 + 3*r - 2. Calculate s(1).
5
Let r(p) = p - 40. Calculate r(12).
-28
Let n(d) = -d**3 - 4*d**2 - d. What is n(-2)?
-6
Let f(o) = 4*o + 4. Give f(2).
12
Let p(c) = c**2 - c - 2. Determine p(-7).
54
Let t(m) = -3*m**2 - m - 4. Calculate t(2).
-18
Let k(g) = -41*g**2. Determine k(1).
-41
Let v(l) = 5*l**2 - 56*l + 17. Give v(11).
6
Let m(r) = r**3 + 16*r**2 - 13*r - 35. Calculate m(-17).
-103
Let n(v) = -31*v + 227. Determine n(7).
10
Let q(z) = -13*z - 15. Determine q(-2).
11
Let k(m) = 2*m**3 - 47*m**2 - 22*m - 22. Calculate k(24).
26
Let s(i) = -36*i + 142. Determine s(4).
-2
Let k(p) = p - 77. Determine k(25).
-52
Let t(u) = 3*u - 59. Calculate t(27).
22
Let h(f) = f**3 + 14*f**2 - 29*f + 45. What is h(-16)?
-3
Let f(i) = -4*i - 1. Calculate f(11).
-45
Let p(t) = -2*t**3 + t**2 + 6*t - 6. Calculate p(5).
-201
Let g(v) = v. Calculate g(6).
6
Let d(o) = -o + 3. Give d(-4).
7
Let b(r) = -r**2 - 26*r - 129. Determine b(-8).
15
Let h(t) = -t**2 + 22*t - 50. Calculate h(3).
7
Let g(z) = z**2 - 22*z - 3. Calculate g(22).
-3
Let a(x) = -5*x + 3. Give a(14).
-67
Let d(v) = v**3 - 6*v**2 + 3*v + 14. Give d(5).
4
Let i(a) = -a + 63. What is i(34)?
29
Let o(m) = m**2 - 30*m + 24. Give o(29).
-5
Let k(q) = 2*q**3 + 7*q**2 - q + 2. What is k(-4)?
-10
Let f(u) = u**3 - 9*u**2 + 7*u + 2. Determine f(5).
-63
Let n(c) = 2*c**2 + 6*c - 10. Give n(-6).
26
Let x(w) = 2*w**3 - 4*w**2 + 2*w + 3. Determine x(2).
7
Let k(u) = -u**3 - 12*u**2 + 25*u - 6. Give k(-14).
36
Let d(t) = t**3 - 13*t**2 - 2*t + 42. Determine d(13).
16
Let f(r) = 9*r - 164. Calculate f(17).
-11
Let p(v) = -v**2 + 5*v + 3. Give p(6).
-3
Let p(b) = b**2 - 21*b + 6. Give p(8).
-98
Let g(r) = r**2 + 22*r - 41. Give g(-24).
7
Let a(r) = -r**3 + 21*r**2 - 24*r + 78. Determine a(20).
-2
Let t(z) = -z + 9. Determine t(10).
-1
Let j(b) = b**2 + 6*b - 221. Give j(-18).
-5
Let m(w) = -37*w - 3. What is m(1)?
-40
Let y(t) = t**2 + 15*t - 27. What is y(2)?
7
Let y(l) = -3*l**2 + 50*l - 75. What is y(15)?
0
Let z(w) = -w**3 - 8*w**2 - 9*w - 6. Calculate z(-6).
-24
Let s(w) = -6*w - 162. Determine s(-28).
6
Let j(d) = -d**2 + 9*d - 3. Determine j(10).
-13
Let h(b) = 7*b**2 + 4*b + 2. Calculate h(-2).
22
Let v(n) = n**3 + 3*n**2 + 2. What is v(-3)?
2
Let j(q) = q**3 + 7*q**2 + 6*q - 15. What is j(-5)?
5
Let n(q) = 5*q - 17. Determine n(4).
3
Let y(o) = 13*o - 181. Determine y(13).
-12
Let w(f) = -f**2 - 5*f + 47. Give w(-10).
-3
Let o(f) = -f**3 - 3*f**2 + 3*f + 5. Give o(-3).
-4
Let f(v) = -17*v - 238. Give f(-12).
-34
Let p(x) = -x + 12. Give p(13).
-1
Let l(g) = g**2 - 13*g - 8. What is l(12)?
-20
Let w(l) = 26*l - 442. Calculate w(17).
0
Let p(f) = -23*f - 323. Determine p(-14).
-1
Let z(w) = 30*w**3 + w**2 + 2*w + 1. Calculate z(-1).
-30
Let l(w) = -60*w - 2. Give l(1).
-62
Let d(m) = 4*m**3 + 25*m**2 + 6*m - 12. Give d(-6).
-12
Let v(s) = 2*s**3 + s**2 + s - 39. What is v(0)?
-39
Let f(p) = -6*p - 48. What is f(-6)?
-12
Let z(h) = -5*h**2 + 11*h + 38. Give z(4).
2
Let s(q) = 8*q**2 - 3*q - 1. Calculate s(-3).
80
Let p(v) = -2*v**3 - 3*v**2 + 2*v + 6. Give p(-3).
27
Let s(t) = 2*t + 11. Give s(9).
29
Let g(k) = 2*k - 21. Determine g(23).
25
Let z(i) = -4*i**2 - 7*i + 5. Give z(2).
-25
Let l(t) = -t**3 - 21*t**2 + 51*t + 58. Give l(-23).
-57
Let b(o) = o**3 - 44*o**2 - 45*o + 3. What is b(45)?
3
Let v(y) = y**2 - 3*y - 8. What is v(4)?
-4
Let b(m) = -m**2 - 5*m - 8. What is b(6)?
-74
Let y(z) = -z**3 - 14*z**2 + 17*z + 34. Calculate y(-15).
4
Let j(i) = -i**2 - 15*i + 2. Give j(-16).
-14
Let b(u) = -u**3 - 59*u**2 + 122*u - 1. Give b(-61).
-1
Let r(p) = -p**3 + 10*p**2 - 40*p + 93. What is r(6)?
-3
Let n(v) = -6*v**2 - v + 1. What is n(2)?
-25
Let w(l) = -l**2 - 7*l - 17. What is w(-8)?
-25
Let p(t) = t**2 + 5*t - 19. Give p(-9).
17
Let h(y) = -y**2 + 14*y - 20. Give h(9).
25
Let o(n) = n**3 + 14*n**2 - 27*n + 64. What is o(-16)?
-16
Let i(z) = z**3 + 5*z**2 - 3*z + 7. Determine i(-6).
-11
Let q(t) = -3*t**2 - 36*t - 16. Calculate q(-13).
-55
Let w(z) = -z**2 - 26. Determine w(0).
-26
Let n(d) = -3*d**2 - d - 11. Give n(0).
-11
Let u(n) = -n**2 - 55*n - 158. Give u(-52).
-2
Let d(t) = -3*t + 2. Determine d(-2).
8
Let p(q) = 12*q - 1. Determine p(-1).
-13
Let a(s) = -3*s - 5. Give a(2).
-11
Let i(m) = m**2 + m + 4. Determine i(-4).
16
Let y(l) = -l**2 - 18*l - 94. Calculate y(-10).
-14
Let i(u) = -9*u**3 + 2*u - 2. What is i(1)?
-9
Let d(u) = -3*u**2 + 36*u - 116. Give d(7).
-11
Let l(s) = 17*s**2. What is l(-1)?
17
Let w(g) = 2*g - 67. What is w(28)?
-11
Let x(w) = -12*w + 13. Calculate x(2).
-11
Let f(a) = -a + 10. Determine f(12).
-2
Let t(r) = 2*r**2 + 134*r - 272. What is t(-69)?
4
Let g(i) = -6*i**2 + 44*i + 17. Calculate g(8).
-15
Let b(c) = -c**3 + 7*c**2 - 11*c + 11. Give b(5).
6
Let k(n) = -n**2 - 14*n - 12. Give k(-14).
-12
Let y(n) = n**2 - 6*n - 3. What is y(6)?
-3
Let j(g) = g**2 + g - 15. Calculate j(-6).
15
Let w(a) = -a**3 + 8*a**2 - 3*a + 4. What is w(6)?
58
Let c(z) = -z**2 + 12*z - 8. What is c(7)?
27
Let s(d) = d**2 - 22*d + 106. What is s(14)?
-6
Let f(v) = -17*v + 5. Calculate f(3).
-46
Let w(o) = -2*o**2 - 7*o - 2. Give w(-5).
-17
Let n(f) = -6*f - 105. What is n(-18)?
3
Let y(f) = f - 12. Calculate y(4).
-8
Let g(z) = -4*z - 10. Calculate g(1).
-14
Let y(g) = -g + 12. What is y(4)?
8
Let p(c) = -10*c**2 - 106*c + 42. Give p(-11).
-2
Let q(s) = -s**3 - 14*s**2 + s + 10. Calculate q(-14).
-4
Let j(d) = -3*d**2 + 4*d + 90. Determine j(6).
6
Let f(j) = -j**2 - 18*j + 70. Determine f(-19).
51
Let h(b) = -6*b**2 + 50*b + 181. Determine h(11).
5
Let f(q) = -115*q + 7. Determine f(0).
7
Let o(k) = 2*k**3 + 16*k**2 - 13*k + 46. What is o(-9)?
1
Let p(g) = g**3 - g**2 - 13. Calculate p(0).
-13
Let x(o) = -8*o - 73. What is x(-10)?
7
Let l(v) = -31*v - 647. Calculate l(-21).
4
Let s(a) = a**3 + 9*a**2 + 5*a + 13. Calculate s(-9).
-32
Let s(q) = 31*q**2 + q. Give s(-1).
30
Let o(y) = -39*y + 21. Give o(5).
-174
Let h(b) = 4*b**2 + 52*b - 9. What is h(-13)?
-9
Let j(s) = -2*s**3 + 26*s**2 + s - 18. Determine j(13).
-5
Let c(n) = -n**3 - 7*n**2 + 21*n + 162. What is c(-6)?
0
Let g(i) = 53*i + 74. Calculate g(-1).
21
Let k(m) = -41*m + 5. Determine k(1).
-36
Let j(h) = 3*h - 15. Give j(2).
-9
Let u(q) = 7*q**3 + q**2 - 1. Determine u(1).
7
Let w(v) = -v + 2. Give w(-4).
6
Let v(k) = -44*k**2 - k - 1. What is v(-1)?
-44
Let d(m) = -m**3 - 7*m**2 - 3*m - 3. Calculate d(-6).
-21
Let u(o) = o**3 + 8*o**2 - o - 11. What is u(-8)?
-3
Let b(o) = o**2 + 11*o + 2. Give b(-12).
14
Let d(c) = -3*c**2 + 27*c + 160. Determine d(13).
4
Let t(o) = o**2 + 11*o + 9. What is t(-9)?
-9
Let d(v) = -13*v**3 + v - 2. What is d(1)?
-14
Let c(u) = u**3 + 10*u**2 + 7*u + 4. What is c(-6)?
106
Let i(g) = -g + 26. What is i(12)?
14
Let f(o) = -6*o - 183. Determine f(-29).
-9
Let w(l) = -l**3 + 25*l**2 - 44*l - 54. Give w(23).
-8
Let q(i) = -2*i**2 + 23*i - 31. Determine q(13).
-70
Let c(x) = -5*x - 11. What is c(1)?
-16
Let j(z) = 3*z**2 + 3*z - 3. Calculate j(-4).
33
Let n(g) = -g**3 - 5*g**2 + 4*g + 6. Determine n(-3).
-24
Let f(j) = 23*j - 190. Determine f(8).
-6
Let v(c) = -2*c**2 - 33*c + 52. Determine v(-15).
97
Let d(y) = -y + 16. Calculate d(17).
-1
Let l(g) = g**3 - g**2 - 22*g + 10. Give l(5).
0
Let j(p) = -18*p + 128. What is j(10)?
-52
Let n(t) = 3*t**2 - 42*t - 12. Give n(14).
-12
Let k(r) = -r**2. Determine k(-1).
-1
Let s(o) = -9*o - 158. Give s(-18).
4
Let p(v) = v**3 - 9*v**2 - 14*v - 8. Give p(10).
-48
Let k(g) = 78*g + 1180. What is k(-15)?
10
Let u(k) = 7*k - 156. Give u(23).
5
Let v(m) = m**3 + 17*m**2 + 4*m + 11. Determine v(-17).
-57
Let g(a) = -45*a**3 - a. What is g(-1)?
46
Let r(i) = -2*i - 17. Give r(-8).
-1
Let f(w) = -w**3 + 10*w**2 + 4*w - 6. What is f(10)?
34
Let g(n) = -n**3 + 7*n**2 - 4*n - 2. Calculate g(5).
28
Let c(b) = 10*b + 446. Calculate c(-45).
-4
Let l(y) = -16*y**3 - y + 1. Determine l(1).
-16
Let t(g) = -36*g - 9. What is t(0)?
-9
Let h(m) = -